+ 1955*b + 44. What is h(-23)?
44
Let p(n) = -n**3 - 8*n**2 + 343*n + 2601. Calculate p(-19).
55
Let h(i) = i**3 - 9*i**2 + 1637*i - 4897. What is h(3)?
-40
Let f(c) = -2*c**2 - 28978*c + 522237. Determine f(18).
-15
Let b(f) = -21*f**2 - 221*f - 72. Calculate b(-12).
-444
Let b(k) = -26*k**2 + 382*k + 2. What is b(8)?
1394
Let s(n) = n**3 + 53*n**2 + 4303*n + 235309. Give s(-54).
31
Let c(s) = -s**2 - 34*s - 184. What is c(-5)?
-39
Let q(a) = 11*a**3 - 74*a**2 + 122*a - 30. Calculate q(4).
-22
Let q(m) = 1636*m - 111261. Give q(68).
-13
Let m(t) = -112*t - 887. Determine m(-10).
233
Let h(l) = l**3 - 102*l**2 + 564*l + 1078. Calculate h(96).
-74
Let r(v) = 328*v**2 - 868*v - 3507. Determine r(-4).
5213
Let a(g) = -10*g**3 - 16*g**2 + 4845*g + 4849. Determine a(-1).
-2
Let g(n) = 93011*n + 558100. Determine g(-6).
34
Let c(b) = b**2 + 15892*b + 4555187. Give c(-292).
-13
Let y(o) = 92667*o - 370800. What is y(4)?
-132
Let g(z) = 261*z - 61369. What is g(232)?
-817
Let b(h) = 2*h**3 + 1208*h**2 + 11877*h - 1797. Determine b(-594).
-15
Let c(n) = -6612*n**2 + 218203*n - 206. Calculate c(33).
25
Let w(m) = -22045*m + 2072185. Determine w(94).
-45
Let b(h) = -5*h**3 + 59*h - 272. Calculate b(4).
-356
Let b(i) = -33*i + 7598. What is b(231)?
-25
Let l(f) = 23*f - 5219. Determine l(166).
-1401
Let c(l) = l**3 - 170*l**2 + 1300*l - 25. Give c(8).
7
Let h(k) = -1551*k + 19652. Calculate h(14).
-2062
Let p(x) = -12*x**2 + 934*x - 1631. Calculate p(76).
41
Let o(u) = 8*u**2 - 1030*u + 13434. Calculate o(114).
-18
Let y(w) = -2*w**3 + 26*w**2 + 31*w + 1801. Calculate y(17).
16
Let z(l) = 5*l**3 - 958*l**2 - 381*l - 583. Give z(192).
-7
Let m(s) = s**3 - 55*s**2 - 325*s + 11982. Calculate m(57).
-45
Let y(r) = -r**3 - 11*r**2 - 92*r - 642. Determine y(-7).
-194
Let a(n) = -3060*n + 1490511. Give a(487).
291
Let m(c) = 2044*c**2 - 23*c - 13. Calculate m(-1).
2054
Let x(t) = -21*t**2 - 657*t + 20. Give x(-31).
206
Let n(z) = z**3 + 113*z**2 - 1923*z - 182691. What is n(-116)?
9
Let m(f) = -f**3 + 4*f**2 - 230*f - 1110. Calculate m(-4).
-62
Let m(f) = f**3 - 19*f**2 + 212*f - 904. What is m(8)?
88
Let f(x) = 31*x**3 + 4752*x**2 + 1370*x - 1019. Give f(-153).
52
Let g(l) = 56*l**2 + 582*l - 2797. Calculate g(-14).
31
Let t(z) = 2210*z + 844227. Give t(-382).
7
Let r(p) = 3*p**3 + 10*p**2 + 1360*p + 5501. Determine r(-4).
29
Let l(s) = -3*s**3 + 46*s**2 + 187*s - 2953. Determine l(15).
77
Let k(w) = -w**2 - 549*w - 19422. Calculate k(-38).
-4
Let l(p) = 1604*p + 474783. Determine l(-296).
-1
Let r(m) = -128*m**2 - 1228*m - 60. What is r(-9)?
624
Let w(z) = 7*z**3 - 14*z**2 + 36*z - 19. Calculate w(4).
349
Let j(q) = -2*q**2 - 1735*q - 149470. Determine j(-97).
7
Let t(a) = 224*a**2 + 29786*a - 1160. Determine t(-133).
-362
Let r(v) = v**2 - 3162*v - 31710. What is r(-10)?
10
Let u(p) = -p**3 + 195*p**2 - 1675*p + 366689. What is u(196)?
-27
Let g(u) = -u**2 - 848*u - 36858. Calculate g(-46).
34
Let r(z) = 14*z**3 - 2*z**2 + 4836*z + 4836. Give r(-1).
-16
Let g(m) = 2011*m + 9988. Determine g(-5).
-67
Let w(m) = -2*m**2 - 824*m - 65357. Give w(-106).
-485
Let c(t) = 4*t**3 + 494*t**2 - 249*t + 236. What is c(-124)?
360
Let g(r) = r**3 + 104*r**2 + 1031*r + 123. Calculate g(-93).
-621
Let r(s) = s**2 - 646*s - 657795. Give r(-550).
5
Let o(r) = 2*r**3 + 671*r**2 - 1495*r + 65886. What is o(-338)?
-24
Let f(j) = -4*j**2 + 3311*j + 60859. Calculate f(-18).
-35
Let u(q) = -207*q + 2257. Calculate u(9).
394
Let l(z) = 10485*z + 398425. Determine l(-38).
-5
Let k(d) = -d - 149. Calculate k(-51).
-98
Let s(d) = -1425*d - 14502. Calculate s(-10).
-252
Let t(v) = v**2 - 982*v + 71323. Give t(79).
-14
Let u(k) = 82*k**2 + 4675*k + 9357. Give u(-2).
335
Let f(h) = 34*h**2 - 538*h - 433. Give f(17).
247
Let t(r) = -17913*r + 483698. Calculate t(27).
47
Let d(l) = 4*l**3 + 1643*l + 14. Calculate d(0).
14
Let j(z) = z**3 - 132*z**2 - 280*z - 192. Give j(134).
-1800
Let a(r) = 5118*r + 72178. What is a(-14)?
526
Let g(k) = 30*k - 831. Determine g(28).
9
Let b(w) = 290*w - 752. What is b(6)?
988
Let p(a) = a**3 - 28*a**2 - 102*a + 4727. Give p(25).
302
Let g(y) = 8*y**2 + 3042*y + 21122. Calculate g(-7).
220
Let t(z) = 341*z + 3669. What is t(-14)?
-1105
Let w(a) = 24972*a + 26742. Give w(-1).
1770
Let i(n) = -35432*n + 115472883. Calculate i(3259).
-5
Let o(l) = 103638*l - 1243631. Calculate o(12).
25
Let g(v) = 445*v - 110815. Calculate g(249).
-10
Let c(t) = 7876*t + 133931. Give c(-17).
39
Let t(p) = -p**3 - 62*p**2 - 301*p - 935. Determine t(-57).
-23
Let i(n) = -131*n**2 - 36551*n + 40. Calculate i(-279).
598
Let c(i) = 4756*i - 3490. What is c(1)?
1266
Let x(s) = -141*s**2 - 356*s + 1749. Give x(-5).
4
Let c(l) = -2*l**2 + 699*l - 6788. Calculate c(10).
2
Let y(n) = n**2 - 215541*n + 1508737. Calculate y(7).
-1
Let s(t) = -2*t**3 - 46*t**2 + 26*t - 220. Give s(-15).
-4210
Let u(v) = -51*v**2 + 972*v - 3079. Calculate u(4).
-7
Let x(i) = 171732*i + 5151994. Calculate x(-30).
34
Let h(c) = 10*c**2 + 70*c - 399. Give h(-7).
-399
Let g(x) = 391*x - 654. What is g(1)?
-263
Let z(r) = 5*r**2 - 1298*r - 22130. Determine z(-16).
-82
Let x(w) = -294*w + 8301. Determine x(24).
1245
Let s(t) = 8372*t + 527454. Determine s(-63).
18
Let l(z) = -18*z**2 + 3171*z - 38164. Give l(13).
17
Let v(z) = z**3 + 131*z**2 + 296*z + 21585. What is v(-130)?
5
Let m(z) = -5*z**3 + 92*z**2 + 32*z - 125. Calculate m(17).
2442
Let g(s) = -13641*s + 3833127. What is g(281)?
6
Let k(t) = -13*t**3 - 667*t**2 - 190*t + 725. Determine k(-51).
11
Let j(b) = -b**2 + 28459*b + 12187778. Determine j(-422).
-4
Let o(t) = t**3 - 48*t**2 - 8392*t + 383706. What is o(45)?
-9
Let d(v) = -4*v**3 + 32*v**2 + 1525*v + 282. Give d(24).
18
Let o(p) = 2*p**2 + 1586*p + 15669. What is o(-10)?
9
Let w(y) = 3*y**3 - 367*y**2 + 11208*y + 379. Give w(63).
1
Let o(z) = z**2 - 190*z + 857. Determine o(5).
-68
Let w(m) = 174*m**3 + 2*m**2 - 24*m - 54. What is w(-2)?
-1390
Let a(y) = -8*y**3 + 319*y**2 + 66*y - 719. Determine a(40).
321
Let d(u) = -5*u**2 + 1297*u - 47387. Give d(44).
1
Let j(c) = -37226*c - 1042326. What is j(-28)?
2
Let g(u) = 313*u - 21204. What is g(80)?
3836
Let n(w) = 1315*w**2 - 662706*w - 27220. Give n(504).
-4
Let i(t) = -95*t + 43919. Determine i(428).
3259
Let b(z) = 1218*z + 259014. What is b(-213)?
-420
Let x(j) = -6*j**2 - 467*j + 170318. Give x(134).
4
Let v(j) = -j**3 - 212*j**2 + 830*j - 7338. What is v(-216)?
6
Let o(q) = 1866*q + 119788. Give o(-64).
364
Let p(h) = -10*h**2 - 2389*h + 9545. Determine p(-243).
-418
Let x(c) = -c**2 + 4075*c + 102522. Give x(-25).
22
Let o(f) = 1727*f**2 + 50110*f + 779. Calculate o(-29).
-4
Let d(p) = -6385*p - 102189. Calculate d(-16).
-29
Let c(p) = 1531*p + 724166. Give c(-473).
3
Let w(u) = -3901*u + 42855. Determine w(11).
-56
Let w(f) = f**3 + 434*f**2 - 14916*f - 1596. Determine w(-466).
268
Let h(i) = 2*i**3 + 194*i**2 + 3113*i + 324293. Calculate h(-98).
11
Let v(m) = 16716*m + 30774162. Calculate v(-1841).
6
Let n(q) = -q**3 + 46*q**2 - 47*q - 913. Determine n(45).
-1003
Let j(p) = -p**3 - 465*p**2 + 1431*p + 12716. Give j(-468).
80
Let i(w) = 152*w**3 + 3039*w**2 - 34*w - 279. Determine i(-20).
1
Let r(v) = 3*v**3 - 3*v**2 - 91*v + 323. Determine r(5).
168
Let h(f) = 172*f**2 + 10431*f + 6630. Calculate h(-60).
-30
Let k(n) = n**3 - 49*n**2 + 555*n - 386. Determine k(32).
-34
Let n(t) = 4*t**3 + 90*t**2 - 37*t + 142. Calculate n(-23).
-65
Let o(w) = -15097*w + 90587. What is o(6)?
5
Let n(h) = 185002*h + 924975. Calculate n(-5).
-35
Let s(t) = 2*t**3 - 316*t**2 - 788*t + 173020. Determine s(157).
6
Let x(t) = t**3 + 66*t**2 + 674*t + 55090. What is x(-68)?
10
Let n(y) = 183*y**2 + 300*y + 618. Determine n(-2).
750
Let w(g) = -7*g**3 - 44*g**2 - 7*g - 83. Calculate w(-7).
211
Let b(s) = s**3 + 17*s**2 - 113*s - 91. What is b(-22)?
-25
Let x(f) = -6611*f - 39656. What is x(-6)?
10
Let b(t) = -t**3 + 144*t**2 + 951*t + 18. What is b(-6)?
-288
Let t(m) = -m**3 + 101*m**2 + 201*m - 111. What is t(103)?
-626
Let w(j) = -1781*j - 2073. Give w(-1).
-292
Let t(l) = 2*l**3 - 418*l**2 + 93*l - 19286. Determine t(209).
151
Let u(g) = -423640*g - 423647. Determine u(-1).
-7
Let r(b) = 2*b**2 + 63616*b + 445210. Determine r(-7).
-4
Let u(g) = -16*g**2 - 403*